MONTHLY CLIMATOLOGICAL SUMMARY for AUG. 2019

NAME: MeteoGardolo.it   CITY: Besenello (TN) STATE: Italy
ELEV: 215 mt LAT: 45:94:85 N LONG: 11:10:74  E

                            TEMPERATURE ( C), RAIN (mm), WIND SPEED (kmh)

                                                 HEAT     COOL           AVG
      MEAN                                       DEG      DEG            WIND                        DOM
DAY   TEMP    HIGH   TIME      LOW     TIME      DAYS     DAYS   RAIN    SPEED    HIGH    TIME       DIR
----------------------------------------------------------------------------------------------------------------------------------------------------------
01    24.6    25.0   22:01    21.9   21:00     00.0     06.3    00.2   04.3     27.8    21:01      NE
04    19.1    27.1   14:20    16.4   22:46     00.0     00.8    36.6   02.4     410.7    00:00      NW
05    17.0    17.0   00:00    17.0   00:00     01.3     00.0    00.0   00.0     410.7    00:00      N 
06    17.0    17.0   00:00    17.0   00:00     01.3     00.0    00.0   00.0     410.7    00:00      N 
07    17.0    17.0   00:00    17.0   00:00     01.3     00.0    00.0   00.0     410.7    00:00      N 
08    17.0    17.0   00:00    17.0   00:00     01.3     00.0    00.0   00.0     410.7    00:00      N 
09    17.0    17.0   00:00    17.0   00:00     01.3     00.0    00.0   00.0     410.7    00:00      N 
10    17.0    17.0   00:00    17.0   00:00     01.3     00.0    00.0   00.0     410.7    00:00      N 
11    17.0    17.0   00:00    17.0   00:00     01.3     00.0    00.0   00.0     410.7    00:00      N 
12    17.0    17.0   00:00    17.0   00:00     01.3     00.0    00.0   00.0     410.7    00:00      N 
13    17.0    17.0   00:00    17.0   00:00     01.3     00.0    00.0   00.0     410.7    00:00      N 
14    19.7    28.4   15:03    17.0   15:01     00.0     01.4    00.0   01.9     410.7    15:02      NE
15    22.0    27.6   16:45    17.3   00:00     00.0     03.7    01.0   03.9     48.1    22:55      NE
16    20.6    28.7   15:51    14.9   05:39     00.0     02.3    00.0   03.5     18.5    17:06     NNW
17    20.6    27.5   13:47    13.5   03:04     00.0     02.3    00.0   02.7     16.7    16:30      NE
18    22.7    31.4   15:52    14.2   06:32     00.0     04.4    00.0   02.9     22.2    18:15     ENE
19    24.0    31.5   15:10    18.3   03:20     00.0     05.7    00.0   03.2     27.8    15:44      NW
20    24.8    31.9   17:02    20.2   07:22     00.0     06.5    00.0   04.6     20.4    10:33     WNW
21    23.2    27.9   16:07    19.9   23:38     00.0     04.9    00.0   09.3     33.3    10:43     WSW
22    24.2    30.9   16:10    19.6   07:28     00.0     05.9    00.0   05.3     27.8    04:24      W 
----------------------------------------------------------------------------------------------------------------------------------------------------------
19.9 (20.4)   31.9  day 20     13.5  day 17   011.7    044.2   089.0   02.2     410.7   day 15     NNW
Max >=  30: 4
Max Rain: 36.6 ON 4-08-19
Days of Rain: 3 (> .2mm) 1 (> 2mm) 1 (> 20mm)