MONTHLY CLIMATOLOGICAL SUMMARY for JAN. 2018

NAME: MeteoGardolo.it   CITY: Besenello (TN) STATE: Italy
ELEV: 215 mt LAT: 45:94:85 N LONG: 11:10:74  E

                            TEMPERATURE ( C), RAIN (mm), WIND SPEED (kmh)

                                                 HEAT     COOL           AVG
      MEAN                                       DEG      DEG            WIND                        DOM
DAY   TEMP    HIGH   TIME      LOW     TIME      DAYS     DAYS   RAIN    SPEED    HIGH    TIME       DIR
----------------------------------------------------------------------------------------------------------------------------------------------------------
01    01.6    03.0   16:17    00.6   18:56     16.7     00.0    11.2   04.7     22.2    05:35      W 
02    02.7    06.3   15:44   -00.2   23:14     15.6     00.0    03.0   04.3     24.1    00:11      W 
03    01.6    03.8   12:53   -00.8   08:39     16.7     00.0    00.4   06.3     33.3    16:22      W 
04    03.4    06.4   13:34    01.2   02:17     14.9     00.0    00.0   08.0     27.8    13:09      W 
05    02.7    05.1   14:47    00.0   07:49     15.6     00.0    00.2   05.1     20.4    16:08     WSW
06    04.1    05.2   13:47    03.1   05:46     14.2     00.0    02.6   05.2     18.5    18:52     WSW
07    05.0    06.9   14:27    03.8   03:27     13.3     00.0    00.2   09.6     24.1    23:36     WSW
08    06.6    08.7   14:31    04.9   03:03     11.7     00.0    02.4   11.6     33.3    07:39      W 
09    06.8    08.8   14:14    05.3   23:31     11.5     00.0    27.6   06.4     31.5    01:04     WSW
10    05.7    07.9   14:50    04.3   04:51     12.6     00.0    00.0   03.7     20.4    14:37     WSW
11    05.0    06.8   14:16    02.8   07:29     13.3     00.0    00.2   07.4     22.2    23:19      W 
12    05.7    10.3   15:11    01.3   21:42     12.6     00.0    00.0   03.9     25.9    00:17      NW
13    02.7    07.0   15:43   -00.7   21:35     15.6     00.0    00.0   05.1     24.1    09:23      W 
14    01.0    02.4   15:49   -01.4   03:20     17.3     00.0    00.0   02.6     18.5    10:47     WSW
15    03.1    04.9   15:48    01.7   04:08     15.2     00.0    00.6   02.5     14.8    19:05     WNW
16    02.6    04.0   15:24    01.2   19:41     15.7     00.0    00.2   03.8     16.7    22:31     WSW
17    03.2    09.4   13:48   -01.0   04:22     15.1     00.0    00.0   03.6     42.6    15:36      W 
----------------------------------------------------------------------------------------------------------------------------------------------------------
03.7 (3.9)   10.3  day 12    -01.4  day 14   247.6    000.0   048.6   05.5     42.6   day 17      W 
Min <=   0: 6
Max Rain: 27.6 ON 9-01-18
Days of Rain: 8 (> .2mm) 5 (> 2mm) 1 (> 20mm)