MONTHLY CLIMATOLOGICAL SUMMARY for MAY. 2019

NAME: MeteoGardolo.it   CITY: Besenello (TN) STATE: Italy
ELEV: 215 mt LAT: 45:94:85 N LONG: 11:10:74  E

                            TEMPERATURE ( C), RAIN (mm), WIND SPEED (kmh)

                                                 HEAT     COOL           AVG
      MEAN                                       DEG      DEG            WIND                        DOM
DAY   TEMP    HIGH   TIME      LOW     TIME      DAYS     DAYS   RAIN    SPEED    HIGH    TIME       DIR
----------------------------------------------------------------------------------------------------------------------------------------------------------
01    15.2    23.8   16:28    06.7   04:35     03.1     00.0    00.0   03.5     18.5    18:12      NE
02    16.0    23.5   14:11    10.0   07:21     02.3     00.0    00.0   05.9     29.6    14:47     ENE
03    13.3    18.5   14:10    10.9   06:35     05.0     00.0    12.4   03.9     24.1    16:10      NE
04    12.8    18.4   16:58    09.7   06:39     05.5     00.0    07.8   02.6     18.5    17:01     NNE
05    07.9    10.8   19:37    03.8   07:44     10.4     00.0    24.6   20.3     64.8    05:48      W 
06    12.6    17.6   16:44    08.5   05:42     05.7     00.0    00.0   14.1     55.5    01:03      W 
07    11.7    18.0   16:28    04.7   08:06     06.6     00.0    00.0   05.4     25.9    00:48      NW
08    11.2    14.3   14:31    09.3   00:00     07.1     00.0    03.6   04.2     20.4    18:40      NE
09    12.8    19.9   17:18    08.6   05:38     05.5     00.0    03.8   03.6     18.5    17:42     ENE
10    15.3    22.9   16:30    07.8   04:47     03.0     00.0    00.0   03.7     24.1    16:21      NE
11    13.8    17.3   16:43    09.1   22:55     04.5     00.0    15.4   05.4     59.2    20:22      NW
12    13.5    16.0   16:24    08.6   02:05     04.8     00.0    04.0   21.6     64.8    12:42      W 
13    16.1    21.2   15:21    13.9   22:34     02.2     00.0    00.0   18.1     53.7    07:05      W 
14    14.9    19.0   14:57    10.2   23:19     03.4     00.0    00.0   16.7     53.7    18:38      W 
15    11.9    16.4   17:14    09.3   23:48     06.4     00.0    00.0   08.0     40.7    02:11      N 
16    13.1    20.6   16:21    04.0   05:35     05.2     00.0    00.0   04.0     22.2    16:05     ENE
17    15.4    19.2   17:29    12.6   05:56     02.9     00.0    00.0   04.3     18.5    13:53      NE
18    12.6    14.6   15:25    10.9   23:56     05.7     00.0    09.8   02.1     18.5    18:14     WNW
19    11.6    13.8   17:13    09.9   06:33     06.7     00.0    14.4   02.2     18.5    11:10      W 
20    13.2    15.9   14:08    10.8   06:14     05.1     00.0    03.2   03.7     18.5    18:13      NE
21    15.1    20.9   16:32    11.3   06:38     03.2     00.0    00.6   02.7     18.5    17:43      W 
22    17.7    24.7   16:49    13.5   06:36     00.6     00.0    00.0   03.7     20.4    17:32     NNW
----------------------------------------------------------------------------------------------------------------------------------------------------------
13.5 (13.9)   24.7  day 22     03.8  day 05   105.1    000.0   099.6   07.3     64.8   day 12     WNW
Max Rain: 24.6 ON 5-05-19
Days of Rain: 11 (> .2mm) 10 (> 2mm) 1 (> 20mm)