MONTHLY CLIMATOLOGICAL SUMMARY for SEP. 2018

NAME: MeteoGardolo.it   CITY: Besenello (TN) STATE: Italy
ELEV: 215 mt LAT: 45:94:85 N LONG: 11:10:74  E

                            TEMPERATURE ( C), RAIN (mm), WIND SPEED (kmh)

                                                 HEAT     COOL           AVG
      MEAN                                       DEG      DEG            WIND                        DOM
DAY   TEMP    HIGH   TIME      LOW     TIME      DAYS     DAYS   RAIN    SPEED    HIGH    TIME       DIR
----------------------------------------------------------------------------------------------------------------------------------------------------------
01    17.8    22.2   14:59    15.4   07:26     00.5     00.0    10.4   07.6     40.7    14:02     WSW
02    16.8    18.6   17:34    15.8   01:23     01.5     00.0    07.2   02.9     20.4    11:03     WSW
03    18.1    24.6   16:15    14.5   00:00     00.2     00.0    00.8   03.8     18.5    16:17     WNW
04    18.8    27.5   16:10    12.9   04:29     00.0     00.5    00.2   02.2     18.5    17:34      N 
05    20.2    28.6   16:19    14.5   04:49     00.0     01.9    00.0   03.1     18.5    16:19     NNW
06    20.8    28.8   15:52    15.3   07:45     00.0     02.5    00.0   02.2     18.5    16:47      NE
07    20.2    24.1   17:57    17.5   07:24     00.0     01.9    05.2   01.5     20.4    12:51     WSW
08    21.5    28.7   16:01    17.6   08:31     00.0     03.2    00.0   03.3     18.5    18:19     NNW
09    21.0    29.2   16:35    14.9   08:09     00.0     02.7    00.0   02.1     18.5    19:18      NE
10    22.0    29.9   16:23    17.0   03:24     00.0     03.7    00.0   02.6     16.7    17:12     NNE
11    22.4    29.6   15:43    17.8   01:53     00.0     04.1    00.0   03.5     18.5    07:15     WNW
12    22.8    30.0   16:22    17.6   08:56     00.0     04.5    00.0   03.8     18.5    05:13     WNW
13    22.6    29.8   16:14    18.3   07:39     00.0     04.3    00.0   02.3     16.7    16:05      NE
14    20.9    28.1   15:07    15.8   07:13     00.0     02.6    00.0   02.2     16.7    16:47     WNW
15    22.5    28.9   16:14    18.4   07:36     00.0     04.2    00.2   04.6     29.6    02:34      W 
16    21.7    28.7   14:42    15.7   07:36     00.0     03.4    00.0   02.4     14.8    17:50     NNE
17    21.7    29.4   15:35    15.7   07:40     00.0     03.4    00.0   02.5     20.4    16:28      NE
18    20.7    27.3   15:10    16.8   04:56     00.0     02.4    00.0   01.6     16.7    16:16      N 
19    21.7    29.2   16:48    17.3   00:00     00.0     03.4    00.0   03.1     16.7    17:09      NW
----------------------------------------------------------------------------------------------------------------------------------------------------------
20.7 (21.9)   30.0  day 12     12.9  day 04   002.2    048.6   024.0   03.0     40.7   day 01     WNW
Max Rain: 10.4 ON 1-09-18
Days of Rain: 4 (> .2mm) 3 (> 2mm) 0 (> 20mm)