MONTHLY CLIMATOLOGICAL SUMMARY for JUN. 2018

NAME: MeteoGardolo.it   CITY: Besenello (TN) STATE: Italy
ELEV: 215 mt LAT: 45:94:85 N LONG: 11:10:74  E

                            TEMPERATURE ( C), RAIN (mm), WIND SPEED (kmh)

                                                 HEAT     COOL           AVG
      MEAN                                       DEG      DEG            WIND                        DOM
DAY   TEMP    HIGH   TIME      LOW     TIME      DAYS     DAYS   RAIN    SPEED    HIGH    TIME       DIR
----------------------------------------------------------------------------------------------------------------------------------------------------------
01    21.9    29.0   15:18    15.8   05:02     00.0     03.6    00.0   02.8     20.4    17:22     ENE
02    21.5    28.7   13:43    16.2   05:21     00.0     03.2    06.8   03.3     25.9    19:45      W 
03    21.2    28.7   16:34    15.6   07:44     00.0     02.9    00.2   03.5     18.5    15:52      NW
04    18.9    23.4   11:49    16.1   04:15     00.0     00.6    02.6   02.3     18.5    15:02      N 
05    21.2    28.3   14:45    15.7   07:27     00.0     02.9    00.4   04.1     22.2    21:16     NNW
06    22.0    27.7   17:26    16.2   02:26     00.0     03.7    00.0   03.6     22.2    14:17      N 
07    20.3    20.9   00:17    19.1   06:21     00.0     02.0    00.2   00.8     410.7    00:00      N 
08    20.8    20.8   00:00    20.8   00:00     00.0     02.5    00.0   00.0     410.7    00:00      N 
09    23.6    30.3   16:15    17.4   08:02     00.0     05.3    00.0   03.1     410.7    08:02      NE
10    23.5    31.2   16:13    15.9   05:39     00.0     05.2    00.0   03.0     20.4    15:38     ENE
11    24.8    32.2   14:39    18.4   05:42     00.0     06.5    00.0   03.7     27.8    17:37     ENE
12    21.6    24.6   14:46    19.0   00:00     00.0     03.3    06.4   03.1     27.8    12:29      W 
13    19.7    24.4   15:14    17.9   05:41     00.0     01.4    01.2   05.5     31.5    16:15     WSW
14    22.7    28.4   16:27    18.5   00:00     00.0     04.4    00.2   06.4     31.5    02:59      W 
15    21.2    29.3   15:22    13.1   07:12     00.0     02.9    00.0   03.0     20.4    18:04      NE
16    21.9    29.8   15:19    13.6   06:09     00.0     03.6    00.0   03.2     20.4    18:16     ENE
17    22.7    31.9   15:54    15.0   06:15     00.0     04.4    00.0   02.1     20.4    16:16     ENE
18    22.7    30.9   14:58    17.6   00:00     00.0     04.4    06.6   02.6     29.6    04:21     ENE
19    23.2    31.8   16:01    14.7   06:37     00.0     04.9    00.0   02.7     18.5    19:18     ENE
20    25.1    31.6   15:48    19.5   03:48     00.0     06.8    00.0   03.5     18.5    18:25     ENE
----------------------------------------------------------------------------------------------------------------------------------------------------------
22.0 (22.5)   32.2  day 11     13.1  day 15   000.0    074.5   024.6   03.1     410.7   day 18     NNE
Max >=  30: 7
Max Rain: 6.8 ON 2-06-18
Days of Rain: 7 (> .2mm) 4 (> 2mm) 0 (> 20mm)