MONTHLY CLIMATOLOGICAL SUMMARY for JAN. 2020

NAME: MeteoGardolo.it   CITY: Besenello (TN) STATE: Italy
ELEV: 215 mt LAT: 45:94:85 N LONG: 11:10:74  E

                            TEMPERATURE ( C), RAIN (mm), WIND SPEED (kmh)

                                                 HEAT     COOL           AVG
      MEAN                                       DEG      DEG            WIND                        DOM
DAY   TEMP    HIGH   TIME      LOW     TIME      DAYS     DAYS   RAIN    SPEED    HIGH    TIME       DIR
----------------------------------------------------------------------------------------------------------------------------------------------------------
01    03.0    09.4   15:54   -00.1   23:44     15.3     00.0    00.0   03.9     20.4    08:21      W 
02    02.0    07.2   13:54   -00.8   04:25     16.3     00.0    00.0   05.3     22.2    12:41      W 
03    02.8    05.9   14:14   -00.0   00:00     15.5     00.0    00.0   07.4     27.8    06:22      W 
04    02.0    07.6   15:07   -01.7   08:33     16.3     00.0    00.0   02.9     14.8    12:47      W 
05    05.6    12.7   14:27   -00.3   00:00     12.7     00.0    00.0   02.4     24.1    00:14     NNE
06    00.4    07.4   15:26   -03.4   08:43     17.9     00.0    00.0   00.9     09.3    16:15     NNE
07    00.2    06.3   15:04   -03.0   08:24     18.1     00.0    00.0   03.5     22.2    12:15      W 
08    02.8    08.3   15:30   -01.4   05:17     15.5     00.0    00.0   04.9     27.8    10:49      W 
09    02.1    08.8   14:55   -01.9   23:39     16.2     00.0    00.0   02.0     11.1    12:45      W 
10    00.8    06.8   15:28   -03.2   02:44     17.5     00.0    00.0   02.5     20.4    11:30     WSW
11    01.8    08.7   15:45   -01.8   07:41     16.5     00.0    00.0   02.5     14.8    09:04     WSW
12    00.6    06.7   14:52   -02.8   08:44     17.7     00.0    00.0   04.0     24.1    11:30     WSW
13    00.2    06.7   15:55   -03.2   07:28     18.1     00.0    00.0   03.1     18.5    03:06      W 
14   -00.7    05.5   14:47   -04.0   05:25     19.0     00.0    00.0   02.3     18.5    12:04      W 
15    00.5    07.1   15:10   -03.1   08:00     17.8     00.0    00.0   03.2     18.5    11:01      W 
16    01.1    07.2   14:51   -02.3   08:06     17.2     00.0    00.0   04.6     22.2    10:34     WSW
17    02.2    07.5   14:48   -01.6   06:42     16.1     00.0    00.0   05.8     24.1    08:29      W 
18    05.0    07.9   17:22    02.0   00:20     13.3     00.0    00.2   04.3     20.4    19:37      W 
19    06.2    10.0   14:13    02.1   09:53     12.1     00.0    00.0   10.9     37.0    15:22      W 
20    02.8    07.1   14:17   -01.6   23:19     15.5     00.0    00.0   07.2     35.2    00:59     WSW
----------------------------------------------------------------------------------------------------------------------------------------------------------
02.1 (3.1)   12.7  day 05    -04.0  day 14   324.7    000.0   000.2   04.2     37.0   day 19      W 
Min <=   0: 18
Max Rain: 0.2 ON 18-01-20
Days of Rain: 0 (> .2mm) 0 (> 2mm) 0 (> 20mm)