MONTHLY CLIMATOLOGICAL SUMMARY for DEC. 2018

NAME: MeteoGardolo.it   CITY: Besenello (TN) STATE: Italy
ELEV: 215 mt LAT: 45:94:85 N LONG: 11:10:74  E

                            TEMPERATURE ( C), RAIN (mm), WIND SPEED (kmh)

                                                 HEAT     COOL           AVG
      MEAN                                       DEG      DEG            WIND                        DOM
DAY   TEMP    HIGH   TIME      LOW     TIME      DAYS     DAYS   RAIN    SPEED    HIGH    TIME       DIR
----------------------------------------------------------------------------------------------------------------------------------------------------------
01    02.5    08.5   15:05   -00.1   01:42     15.8     00.0    00.0   02.5     14.8    11:15     WNW
02    02.5    05.5   12:43   -00.4   06:06     15.8     00.0    00.0   03.6     22.2    12:43      W 
03    05.4    10.5   15:17    02.9   00:12     12.9     00.0    00.0   04.0     22.2    23:43      W 
04    05.6    12.2   14:44    01.8   06:34     12.7     00.0    00.0   03.6     24.1    13:03      W 
05    05.5    11.8   13:55    02.4   05:42     12.8     00.0    00.0   03.2     20.4    10:54      W 
06    06.6    10.8   14:01    03.2   23:49     11.7     00.0    00.6   03.5     20.4    11:13      W 
07    06.0    10.9   14:40    03.2   05:24     12.3     00.0    00.0   03.7     16.7    11:49     WNW
08    07.2    14.4   14:29    00.6   23:37     11.1     00.0    01.8   03.3     22.2    02:17      N 
09    03.8    09.4   14:19   -01.0   05:04     14.5     00.0    00.0   05.7     27.8    13:14      W 
10    05.2    12.1   14:10    00.1   08:10     13.1     00.0    00.0   02.8     27.8    01:34     WNW
11    04.8    10.0   14:11    00.7   02:34     13.5     00.0    00.0   06.3     31.5    20:13      W 
----------------------------------------------------------------------------------------------------------------------------------------------------------
05.0 (5.9)   14.4  day 08    -01.0  day 09   146.0    000.0   002.4   03.8     31.5   day 10      W 
Min <=   0: 3
Max Rain: 1.8 ON 8-12-18
Days of Rain: 2 (> .2mm) 0 (> 2mm) 0 (> 20mm)