MONTHLY CLIMATOLOGICAL SUMMARY for OCT. 2019

NAME: MeteoGardolo.it   CITY: Besenello (TN) STATE: Italy
ELEV: 215 mt LAT: 45:94:85 N LONG: 11:10:74  E

                            TEMPERATURE ( C), RAIN (mm), WIND SPEED (kmh)

                                                 HEAT     COOL           AVG
      MEAN                                       DEG      DEG            WIND                        DOM
DAY   TEMP    HIGH   TIME      LOW     TIME      DAYS     DAYS   RAIN    SPEED    HIGH    TIME       DIR
----------------------------------------------------------------------------------------------------------------------------------------------------------
01    19.2    24.8   15:14    16.8   00:00     00.0     00.9    00.0   03.5     16.7    14:40      NW
02    16.1    19.8   16:35    12.4   22:46     02.2     00.0    05.4   02.6     29.6    13:52      W 
03    15.0    20.7   15:52    07.0   23:47     03.3     00.0    03.0   08.9     42.6    06:04      W 
04    10.2    14.9   14:40    05.2   04:13     08.1     00.0    00.0   02.7     18.5    12:18     WSW
05    12.5    20.7   15:35    06.3   08:23     05.8     00.0    00.0   02.5     18.5    17:49      NW
06    12.1    17.8   14:47    06.8   06:50     06.2     00.0    00.2   02.9     18.5    11:43     NNW
07    15.0    21.7   16:22    11.1   07:46     03.3     00.0    04.0   04.8     31.5    10:53      W 
08    12.9    17.2   15:48    08.7   00:00     05.4     00.0    00.0   04.0     16.7    15:53     NNW
09    10.8    14.1   14:32    07.4   03:35     07.5     00.0    03.4   01.7     20.4    22:26     NNE
10    12.8    18.9   16:02    08.3   22:29     05.5     00.0    00.0   04.1     18.5    15:08      W 
11    12.3    20.0   15:54    08.2   23:45     06.0     00.0    00.0   04.8     20.4    09:08     WNW
12    12.4    20.2   16:57    07.3   07:35     05.9     00.0    00.2   03.2     18.5    11:18      NW
13    13.1    20.7   16:18    08.2   08:09     05.2     00.0    00.0   02.5     16.7    14:39     NNE
14    14.0    21.9   15:40    09.5   08:48     04.3     00.0    00.2   03.3     20.4    14:24     NNW
15    15.5    19.3   15:10    12.6   08:27     02.8     00.0    20.0   01.8     20.4    19:09     NNW
16    14.5    20.6   16:19    09.8   00:00     03.8     00.0    01.8   02.7     18.5    14:04      W 
17    13.0    20.8   15:23    08.2   04:32     05.3     00.0    00.2   02.0     14.8    18:10      NE
18    13.5    19.4   14:28    08.9   01:57     04.8     00.0    00.0   02.0     18.5    17:30      NE
19    14.1    14.6   13:21    13.6   05:19     04.2     00.0    04.8   03.1     14.8    16:25      NE
20    16.6    22.6   14:25    12.4   08:37     01.7     00.0    02.6   03.1     18.5    22:50      NE
21    15.7    19.5   14:59    13.2   23:25     02.6     00.0    10.8   02.9     20.4    15:37     WSW
22    16.2    22.0   15:21    12.9   21:58     02.1     00.0    00.0   03.7     18.5    13:55      W 
----------------------------------------------------------------------------------------------------------------------------------------------------------
14.0 (14.7)   24.8  day 01     05.2  day 04   096.1    000.9   056.6   03.3     42.6   day 03      NW
Max Rain: 20.0 ON 15-10-19
Days of Rain: 9 (> .2mm) 8 (> 2mm) 0 (> 20mm)